037
List the prime factors of 29123.
29123
List the prime factors of 7852.
2, 13, 151
What are the prime factors of 2182?
2, 1091
List the prime factors of 24324.
2, 3, 2027
What are the prime factors of 2266?
2, 11, 103
What are the prime factors of 524?
2, 131
What are the prime factors of 128484?
2, 3, 43, 83
List the prime factors of 124.
2, 31
List the prime factors of 18002.
2, 9001
List the prime factors of 15205.
5, 3041
What are the prime factors of 63505?
5, 13, 977
What are the prime factors of 5835?
3, 5, 389
What are the prime factors of 870?
2, 3, 5, 29
What are the prime factors of 7314?
2, 3, 23, 53
List the prime factors of 1160.
2, 5, 29
List the prime factors of 20261.
20261
List the prime factors of 7619.
19, 401
List the prime factors of 26496.
2, 3, 23
What are the prime factors of 9666?
2, 3, 179
What are the prime factors of 1911?
3, 7, 13
What are the prime factors of 2766?
2, 3, 461
What are the prime factors of 12951?
3, 1439
List the prime factors of 425.
5, 17
List the prime factors of 737.
11, 67
List the prime factors of 34.
2, 17
What are the prime factors of 14128?
2, 883
List the prime factors of 4101.
3, 1367
What are the prime factors of 10415?
5, 2083
What are the prime factors of 9453?
3, 23, 137
List the prime factors of 13280.
2, 5, 83
List the prime factors of 4224.
2, 3, 11
What are the prime factors of 10137?
3, 31, 109
List the prime factors of 60183.
3, 743
What are the prime factors of 1228?
2, 307
List the prime factors of 11196.
2, 3, 311
List the prime factors of 304.
2, 19
List the prime factors of 7473.
3, 47, 53
List the prime factors of 12009.
3, 4003
List the prime factors of 551.
19, 29
What are the prime factors of 2230?
2, 5, 223
List the prime factors of 106510.
2, 5, 10651
List the prime factors of 35591.
35591
What are the prime factors of 6718?
2, 3359
What are the prime factors of 9933?
3, 7, 11, 43
What are the prime factors of 284?
2, 71
What are the prime factors of 6955?
5, 13, 107
What are the prime factors of 2778?
2, 3, 463
List the prime factors of 32251.
32251
List the prime factors of 240.
2, 3, 5
What are the prime factors of 154440?
2, 3, 5, 11, 13
List the prime factors of 11904.
2, 3, 31
What are the prime factors of 6088?
2, 761
List the prime factors of 1935.
3, 5, 43
List the prime factors of 1837.
11, 167
List the prime factors of 73438.
2, 73, 503
What are the prime factors of 11418?
2, 3, 11, 173
List the prime factors of 865.
5, 173
What are the prime factors of 12649?
7, 13, 139
What are the prime factors of 1814?
2, 907
List the prime factors of 1208.
2, 151
What are the prime factors of 3131?
31, 101
What are the prime factors of 52771?
113, 467
What are the prime factors of 828?
2, 3, 23
What are the prime factors of 919?
919
List the prime factors of 181706.
2, 7, 12979
What are the prime factors of 771?
3, 257
List the prime factors of 1536.
2, 3
List the prime factors of 10347.
3, 3449
What are the prime factors of 857?
857
What are the prime factors of 3746?
2, 1873
What are the prime factors of 123586?
2, 61, 1013
List the prime factors of 1657.
1657
List the prime factors of 89889.
3, 19, 83
What are the prime factors of 118535?
5, 151, 157
List the prime factors of 7822.
2, 3911
List the prime factors of 12433.
12433
What are the prime factors of 6484?
2, 1621
List the prime factors of 71.
71
List the prime factors of 39663.
3, 13, 113
List the prime factors of 36871.
36871
What are the prime factors of 19081?
19081
What are the prime factors of 85013?
151, 563
What are the prime factors of 25118?
2, 19, 661
List the prime factors of 12522.
2, 3, 2087
List the prime factors of 1079.
13, 83
List the prime factors of 343.
7
What are the prime factors of 610?
2, 5, 61
List the prime factors of 1881.
3, 11, 19
List the prime factors of 79481.
79481
List the prime factors of 722.
2, 19
List the prime factors of 17351.
17351
List the prime factors of 5364.
2, 3, 149
What are the prime factors of 291?
3, 97
What are the prime factors of 4154?
2, 31, 67
List the prime factors of 97658.
2, 11, 23, 193
List the prime factors of 4495.
5, 29, 31
What are the prime factors of 707?
7, 101
List the prime factors of 370.
2, 5, 37
List the prime factors of 1311.
3, 19, 23
List the prime factors of 6920.
2, 5, 173
List the prime factors of 5432.
2, 7, 97
List the prime factors of 26303.
29, 907
What are the prime factors of 19565?
5, 7, 13, 43
List the prime factors of 12295.
5, 2459
What are the prime factors of 7942?
2, 11, 19
List the prime factors of 2803.
2803
What are the prime factors of 36?
2, 3
What are the prime factors of 8519?
7, 1217
What are the prime factors of 58302?
2, 3, 41, 79
List the prime factors of 2780.
2, 5, 139
What are the prime factors of 166410?
2, 3, 5, 43
List the prime factors of 12934.
2, 29, 223
What are the prime factors of 4895?
5, 11, 89
What are the prime factors of 4171?
43, 97
What are the prime factors of 6564?
2, 3, 547
What are the prime factors of 17357?
17, 1021
List the prime factors of 59.
59
What are the prime factors of 2536?
2, 317
What are the prime factors of 47655?
3, 5, 353
What are the prime factors of 893?
19, 47
What are the prime factors of 58856?
2, 7, 1051
What are the prime factors of 17507?
7, 41, 61
List the prime factors of 2064.
2, 3, 43
What are the prime factors of 31109?
13, 2393
What are the prime factors of 31364?
2, 7841
What are the prime factors of 8336?
2, 521
What are the prime factors of 518?
2, 7, 37
List the prime factors of 24454.
2, 12227
What are the prime factors of 2053?
2053
List the prime factors of 3472.
2, 7, 31
List the prime factors of 15207.
3, 37, 137
List the prime factors of 2700.
2, 3, 5
What are the prime factors of 84346?
2, 181, 233
What are the prime factors of 1987?
1987
What are the prime factors of 8733?
3, 41, 71
What are the prime factors of 233?
233
List the prime factors of 905.
5, 181
What are the prime factors of 2877?
3, 7, 137
What are the prime factors of 866?
2, 433
List the prime factors of 676.
2, 13
What are the prime factors of 9361?
11, 23, 37
What are the prime factors of 7887?
3, 11, 239
List the prime factors of 1637.
1637
What are the prime factors of 204?
2, 3, 17
List the prime factors of 19149.
3, 13, 491
What are the prime factors of 9204?
2, 3, 13, 59
What are the prime factors of 458?
2, 229
What are the prime factors of 24127?
23, 1049
What are the prime factors of 12713?
12713
What are the prime factors of 235?
5, 47
What are the prime factors of 9375?
3, 5
List the prime factors of 1747.
1747
List the prime factors of 2561.
13, 197
List the prime factors of 12157.
12157
List the prime factors of 34194.
2, 3, 41, 139
What are the prime factors of 17416?
2, 7, 311
List the prime factors of 1256.
2, 157
List the prime factors of 21438.
2, 3, 397
List the prime factors of 431.
431
What are the prime factors of 10782?
2, 3, 599
What are the prime factors of 22796?
2, 41, 139
List the prime factors of 113488.
2, 41, 173
What are the prime factors of 597?
3, 199
What are the prime factors of 79843?
79843
List the prime factors of 177.
3, 59
List the prime factors of 3096.
2, 3, 43
List the prime factors of 35301.
3, 7, 41
List the prime factors of 3366.
2, 3, 11, 17
List the prime factors of 9193.
29, 317
List the prime factors of 388.
2, 97
What are the prime factors of 73525?
5, 17, 173
List the prime factors of 19750.
2, 5, 79
List the prime factors of 432.
2, 3
List the prime factors of 131.
131
List the prime factors of 43734.
2, 3, 37, 197
List the prime factors of 54661.
47, 1163
List the prime factors of 34190.
2, 5, 13, 263
What are the prime factors of 2107?
7, 43
What are the prime factors of 5211?
3, 193
What are the prime factors of 9222?
2, 3, 29, 53
What are the prime factors of 25571?
7, 13, 281
What are the prime factors of 870?
2, 3, 5, 29
What are the prime factors of 60404?
2, 15101
What are the prime factors of 3517?
3517
What are the prime factors of 2651?
11, 241
List the prime factors of 27811.
7, 29, 137
What are the prime factors of 74?
2, 37
What are the prime factors of 13274?
2, 6637
What are the prime factors of 22367?
22367
List the prime factors of 28210.
2, 5, 7, 13, 31
List the prime factors of 10257.
3, 13, 26